 -5*v - 15. Let w = v - -5. Suppose -l = 5*x - 2*l - 121, -4*x - w*l = -94. Calculate the greatest common factor of 60 and x.
12
Suppose 3*w - n - 77 = 0, -4*w + 81 = 3*n - 0*n. What is the greatest common divisor of 8 and w?
8
Let y(o) = -o**2 - 10*o - 18. Let u be y(-6). Let j = 20 - 2. Calculate the highest common divisor of u and j.
6
Let f be (-2)/6 + (-44)/(-6). Let p = -260 - -316. What is the highest common factor of f and p?
7
Suppose -h - 50 = -3*t + 3*h, -3*t - 5*h = -86. Let x(g) = 3*g + 7. Let u be x(5). What is the greatest common divisor of t and u?
22
Let s = -9 - -12. Suppose -2*k = -s - 25. Suppose 3*i - 5*l = 299, 2*l = -0*l - 2. What is the greatest common divisor of k and i?
14
Let q = 1 + -1. Suppose 0 = -3*g - q*g + 12. Suppose 0 = g*s - 49 + 17. Calculate the highest common factor of s and 40.
8
Let q be ((-24)/10)/(-4 - (-476)/120). What is the highest common factor of 54 and q?
18
Let u(w) = -3*w - 19. Let p be u(-11). What is the highest common factor of 2 and p?
2
Let s be (-40)/(-7) + 8/28. Let w = 218 + -109. Suppose -4*a = -w + 13. What is the highest common divisor of a and s?
6
Let t be (1 - -27)/4 - -4. What is the greatest common divisor of 11 and t?
11
Let z = -50 - -58. What is the highest common divisor of 72 and z?
8
Suppose 3*l + 1 = -4*u, 5*u = -6*l + l. Calculate the greatest common factor of l and 2.
1
Let z = -69 + 54. Let l be (-1)/1 - 1*20. Let w = z - l. Calculate the greatest common divisor of 2 and w.
2
Let m be -1 + 28 + -7 + 4. Let o = m - 6. What is the highest common factor of 2 and o?
2
Suppose -9*d + 5*d + 168 = 0. What is the greatest common factor of 21 and d?
21
Suppose 2*s - 3*f = 26, s = 5*f - 2 + 8. Suppose -4 = 3*b - s. Suppose -3*j - 30 = -b*k, 0*k = -k + 5*j + 16. What is the greatest common divisor of 4 and k?
2
Let l(c) = c**2 + 2*c. Let t be l(3). Let o = t + 35. Let m be (-3)/(-6) - o/(-4). What is the highest common divisor of 91 and m?
13
Suppose -91 = -4*x + 5. What is the greatest common factor of 3 and x?
3
Let q = -21 - -27. What is the greatest common divisor of q and 9?
3
Let m = -5 - -4. Let j = 8 - m. Calculate the highest common factor of j and 9.
9
Let f = -15 + 7. Let c be (-38)/f - 2/(-8). Calculate the highest common factor of 15 and c.
5
Let s = 90 - 55. Calculate the greatest common divisor of s and 14.
7
Suppose 0 = -5*k - 20, -3*g + 89 = k - 3*k. Let c = -3 + g. Calculate the greatest common divisor of c and 72.
24
Let f be (-3)/(-4) - 57/12. Let x = -9 - f. Let u = 20 + x. What is the highest common divisor of u and 105?
15
Suppose -5*a - 1366 = 149. Let k be a/(-9) - (-2)/6. What is the greatest common factor of k and 17?
17
Suppose -2 = -6*q + 34. What is the greatest common factor of q and 3?
3
Suppose 5*r + 25 = -4*a, -r + 4*r = 3*a + 12. Let n be ((-225)/6)/a*10. Let p = -43 + n. What is the greatest common divisor of 8 and p?
8
Suppose -5*g - 10 = 0, 2*o + 3*g + 22 = 3*o. Let l(q) = q**3 - 4*q**2 + 2*q + 5. Let k be l(5). Calculate the highest common factor of k and o.
8
Suppose 5*i - 3*n = 47, -24 = -5*i - 3*n + 29. Calculate the highest common divisor of 2 and i.
2
Let c = 16 - 11. Let i = -3 + c. Let n be (2 + -4)*(-19)/i. What is the greatest common divisor of n and 76?
19
Let p = -108 + 61. Suppose 4*q - 3*q + 21 = 0. Let c = q - p. What is the greatest common divisor of c and 39?
13
Let v be ((2 + -3)*(2 + 1))/(-3). Let m = 0 + 1. Calculate the greatest common factor of v and m.
1
Suppose 3*t + 309 = 741. Calculate the greatest common factor of t and 16.
16
Let v(m) = -m**2 - 10*m + 10. Let w be v(-7). Suppose 0 = -3*u + w + 14. Calculate the highest common factor of 5 and u.
5
Let g = 146 - 66. Calculate the greatest common factor of 16 and g.
16
Let n be 0 - (2 - 1) - -225. Let a = n + -114. Calculate the highest common factor of a and 10.
10
Let t be 32/(-12)*9/(-4). Let b = t - 4. Suppose -32 = -b*g + 70. What is the greatest common factor of 17 and g?
17
Let f be (99/2)/11 - (-2)/4. What is the highest common divisor of f and 3?
1
Suppose 2*o - h = 5 + 22, -3*o + 43 = -2*h. What is the greatest common factor of 99 and o?
11
Suppose 4*f = -f - 15. Let i = 9 + f. Let a(l) = l**2 + l - 5. Let y be a(-5). What is the greatest common divisor of i and y?
3
Let m(n) = 5*n - 23. Let h be m(6). What is the highest common divisor of 56 and h?
7
Let k(z) = z**3 - z**2 - 12. Let s be k(0). Let b = 27 + s. Let o = -7 + b. Calculate the greatest common divisor of o and 16.
8
Let t(u) = u**2 + 9. Let p be t(0). Suppose 5*h = h - 8. Let y be 120/21 - h/7. What is the highest common divisor of y and p?
3
Let m = 483 - 479. Let h be 2 - (-2 + 4 + -28). Calculate the greatest common factor of m and h.
4
Suppose -132 = -5*i + 2*u, 59 = -4*i - 5*u + 191. Let m = 102 - 32. Calculate the greatest common divisor of m and i.
14
Suppose -2*q = -90 - 228. Let d be (-1)/(-4) - q/(-4). Suppose 0 = -4*p + 8 + 12. Calculate the greatest common factor of d and p.
5
Let c = -69 - -100. Let k(s) = 6*s**2 + 3*s + 4. Let g be k(-3). Let z = g - c. What is the greatest common factor of z and 180?
18
Let o(d) = -d**3 - 2*d + 2*d - 8*d - 7*d - 6 - 13*d**2. Let n be o(-12). What is the greatest common divisor of 75 and n?
15
Suppose -39 = -0*y - 3*y. What is the highest common factor of 65 and y?
13
Let y = 30 + -6. What is the greatest common factor of 72 and y?
24
Let b = -4 - -4. Suppose 0 = -a + 4 - b. Calculate the highest common factor of 6 and a.
2
Let k be (-1)/(-5) - (-27)/15. Suppose k*s = -3*s + 315. Let t = 12 + -5. Calculate the highest common divisor of s and t.
7
Suppose 69 = 3*w + 24. Calculate the greatest common factor of 6 and w.
3
Let p(u) = u**2 + u - 1. Let o be p(-3). Let h = -4 + o. What is the greatest common factor of 1 and h?
1
Let a = 2 - 13. Let d = -5 - a. Let r = 12 - d. Calculate the highest common divisor of r and 42.
6
Let a(q) = q**2 - 4. Let c(u) = 2*u + 4. Let o be c(-4). Let b be a(o). Calculate the highest common divisor of 4 and b.
4
Let m(a) = -a**2 + 8*a + 8. Suppose 8 = -x + 2*x. Let p be m(x). Calculate the greatest common factor of p and 2.
2
Let f = 28 + -4. Suppose -3*n + 51 = 3*o - 51, -5*o + 188 = -4*n. What is the highest common factor of f and o?
12
Let j be 151/2 + (-2)/4. Suppose 0 = -2*y + 57 + j. Calculate the highest common factor of y and 6.
6
Suppose -4*o - l + 295 = 0, -3*o = -2*l + 7*l - 200. Let f(r) = -3*r**2 - 25*r + 7. Let c be f(-8). What is the highest common divisor of o and c?
15
Let f(i) = -4*i + 5*i + 11*i. Let n be f(2). Let x be (-2 + 0 + 5)*1. Calculate the greatest common divisor of x and n.
3
Suppose -4*g - 4*c + 52 = 0, g + 0*g = -3*c + 5. Calculate the greatest common factor of 68 and g.
17
Suppose -1 = 4*u - 3*w, 2*u + 3*w - 10 = w. Suppose -3 = 3*x - 12, u = -2*a + 2*x. Suppose 4*s - s = 12. What is the greatest common divisor of a and s?
2
Suppose -2*u + 0*u + 8 = 0. Suppose 71 = -u*v + 171. What is the highest common factor of 50 and v?
25
Let f be 1*4 - (1 + -12). Calculate the highest common divisor of 15 and f.
15
Let t(k) = -k**3 + 5*k**2 - 3*k. Let v be t(3). Let r be (6 + 1)*72/7. What is the highest common factor of v and r?
9
Let n be -1 + -1 - (4 + -19). Suppose 5*l = -0*l + 20. Suppose 2*p - l*p + 52 = 0. What is the greatest common factor of n and p?
13
Suppose 4*t = 4 + 20. Calculate the highest common factor of t and 18.
6
Let q = -1 - -20. Let c = 76 - q. Calculate the greatest common divisor of c and 38.
19
Let y be 20*1/2 + -1. Calculate the greatest common factor of y and 1.
1
Suppose 0 = 3*j - 4*z - 0*z - 114, 3*j - 2*z = 108. Calculate the highest common divisor of j and 34.
34
Let t = 5 + -18. Let l = t + 18. Suppose 0 = -6*x + 8*x - 4. What is the greatest common divisor of l and x?
1
Let q = -11 + 18. Calculate the highest common factor of 21 and q.
7
Suppose 4*u - u - 21 = 0. Suppose -8*w + 616 = 3*w. What is the greatest common factor of u and w?
7
Let y = 15 - 15. Suppose y*x = -2*x + 72. What is the highest common factor of 24 and x?
12
Suppose -5*a = -4*f - 613, a + 2*f - 359 = -2*a. Let y = a - 43. Calculate the highest common divisor of y and 26.
26
Let u be ((-40)/12 + 4)*12. Let g(a) = a**3 - 3*a**2 - a - 4. Let m be g(4). What is the highest common divisor of u an